{"id":61800,"date":"2025-02-10T09:56:26","date_gmt":"2025-02-10T08:56:26","guid":{"rendered":"https:\/\/www.vallemaira.org\/valle-maira-accessibile-2\/"},"modified":"2026-02-23T15:57:17","modified_gmt":"2026-02-23T14:57:17","slug":"vallee-maira-accessible","status":"publish","type":"page","link":"https:\/\/www.vallemaira.org\/fr\/vallee-maira-accessible\/","title":{"rendered":"Vall\u00e9e Maira accessible"},"content":{"rendered":"<p>La Vall\u00e9e Maira continue d&rsquo;\u00e9largir ses horizons et mise <strong>sur l&rsquo;accessibilit\u00e9 comme objectif et point fort<\/strong>. La premi\u00e8re \u00e9tape consiste \u00e0 permettre la d\u00e9couverte de ses patrimoines naturels, historiques, architecturaux et culturels de mani\u00e8re toujours plus large et vari\u00e9e \u00e0 toutes les cat\u00e9gories de personnes. <\/p>\n","protected":false},"excerpt":{"rendered":"<p>La Vall\u00e9e Maira continue d&rsquo;\u00e9largir ses horizons et mise sur l&rsquo;accessibilit\u00e9 comme objectif et point fort. La premi\u00e8re \u00e9tape consiste&#8230;<\/p>\n","protected":false},"author":109,"featured_media":0,"parent":0,"menu_order":0,"comment_status":"closed","ping_status":"closed","template":"page-accessibilita.php","meta":{"footnotes":""},"class_list":["post-61800","page","type-page","status-publish","hentry"],"_links":{"self":[{"href":"https:\/\/www.vallemaira.org\/fr\/wp-json\/wp\/v2\/pages\/61800","targetHints":{"allow":["GET"]}}],"collection":[{"href":"https:\/\/www.vallemaira.org\/fr\/wp-json\/wp\/v2\/pages"}],"about":[{"href":"https:\/\/www.vallemaira.org\/fr\/wp-json\/wp\/v2\/types\/page"}],"author":[{"embeddable":true,"href":"https:\/\/www.vallemaira.org\/fr\/wp-json\/wp\/v2\/users\/109"}],"replies":[{"embeddable":true,"href":"https:\/\/www.vallemaira.org\/fr\/wp-json\/wp\/v2\/comments?post=61800"}],"version-history":[{"count":1,"href":"https:\/\/www.vallemaira.org\/fr\/wp-json\/wp\/v2\/pages\/61800\/revisions"}],"predecessor-version":[{"id":65193,"href":"https:\/\/www.vallemaira.org\/fr\/wp-json\/wp\/v2\/pages\/61800\/revisions\/65193"}],"wp:attachment":[{"href":"https:\/\/www.vallemaira.org\/fr\/wp-json\/wp\/v2\/media?parent=61800"}],"curies":[{"name":"wp","href":"https:\/\/api.w.org\/{rel}","templated":true}]}}

Vallée Maira accessible

<p>La Vallée Maira continue d&rsquo;élargir ses horizons et mise <strong>sur l&rsquo;accessibilité comme objectif et point fort</strong>. La première étape consiste à permettre la découverte de ses patrimoines naturels, historiques, architecturaux et culturels de manière toujours plus large et variée à toutes les catégories de personnes. </p>

<p>La Vallée Maira continue d&rsquo;élargir ses horizons et mise sur l&rsquo;accessibilité comme objectif et point fort. La première étape consiste&#8230;</p>
