{"id":65177,"date":"2025-02-10T09:56:26","date_gmt":"2025-02-10T08:56:26","guid":{"rendered":"https:\/\/www.vallemaira.org\/valle-maira-accessibile\/"},"modified":"2026-02-23T15:57:53","modified_gmt":"2026-02-23T14:57:53","slug":"barrierefreies-maira-tal","status":"publish","type":"page","link":"https:\/\/www.vallemaira.org\/de\/barrierefreies-maira-tal\/","title":{"rendered":"Barrierefreies Maira-Tal"},"content":{"rendered":"<p>Das Maira-Tal erweitert kontinuierlich seine Horizonte und setzt <strong>auf Barrierefreiheit als Ziel und St\u00e4rke<\/strong>. Der erste Schritt besteht darin, den Zugang zu seinem nat\u00fcrlichen, historischen, architektonischen und kulturellen Erbe f\u00fcr alle Personengruppen immer umfassender und vielf\u00e4ltiger zu gestalten. <\/p>\n","protected":false},"excerpt":{"rendered":"<p>Das Maira-Tal erweitert kontinuierlich seine Horizonte und setzt auf Barrierefreiheit als Ziel und St\u00e4rke. Der erste Schritt besteht darin, den&#8230;<\/p>\n","protected":false},"author":109,"featured_media":0,"parent":0,"menu_order":0,"comment_status":"closed","ping_status":"closed","template":"page-accessibilita.php","meta":{"footnotes":""},"class_list":["post-65177","page","type-page","status-publish","hentry"],"_links":{"self":[{"href":"https:\/\/www.vallemaira.org\/de\/wp-json\/wp\/v2\/pages\/65177","targetHints":{"allow":["GET"]}}],"collection":[{"href":"https:\/\/www.vallemaira.org\/de\/wp-json\/wp\/v2\/pages"}],"about":[{"href":"https:\/\/www.vallemaira.org\/de\/wp-json\/wp\/v2\/types\/page"}],"author":[{"embeddable":true,"href":"https:\/\/www.vallemaira.org\/de\/wp-json\/wp\/v2\/users\/109"}],"replies":[{"embeddable":true,"href":"https:\/\/www.vallemaira.org\/de\/wp-json\/wp\/v2\/comments?post=65177"}],"version-history":[{"count":1,"href":"https:\/\/www.vallemaira.org\/de\/wp-json\/wp\/v2\/pages\/65177\/revisions"}],"predecessor-version":[{"id":65194,"href":"https:\/\/www.vallemaira.org\/de\/wp-json\/wp\/v2\/pages\/65177\/revisions\/65194"}],"wp:attachment":[{"href":"https:\/\/www.vallemaira.org\/de\/wp-json\/wp\/v2\/media?parent=65177"}],"curies":[{"name":"wp","href":"https:\/\/api.w.org\/{rel}","templated":true}]}}

<p>Das Maira-Tal erweitert kontinuierlich seine Horizonte und setzt <strong>auf Barrierefreiheit als Ziel und Stärke</strong>. Der erste Schritt besteht darin, den Zugang zu seinem natürlichen, historischen, architektonischen und kulturellen Erbe für alle Personengruppen immer umfassender und vielfältiger zu gestalten. </p>

<p>Das Maira-Tal erweitert kontinuierlich seine Horizonte und setzt auf Barrierefreiheit als Ziel und Stärke. Der erste Schritt besteht darin, den&#8230;</p>
