{"id":34496,"date":"2022-12-05T15:46:33","date_gmt":"2022-12-05T14:46:33","guid":{"rendered":"https:\/\/www.vallemaira.org\/okzitanische-erlebnisse\/"},"modified":"2025-10-23T17:23:51","modified_gmt":"2025-10-23T15:23:51","slug":"okzitanische-erlebnisse","status":"publish","type":"page","link":"https:\/\/www.vallemaira.org\/de\/okzitanische-erlebnisse\/","title":{"rendered":"Okzitanische Erlebnisse"},"content":{"rendered":"<p><span style=\"font-weight: 400;\">Das Projekt &#8222;Okzitanische Erlebnisse&#8220; richtet sich an alle Bergliebhaber, die die Berge bewusst besuchen und respektvoll mit den aufgesuchten Orten umgehen wollen. Das Projekt m\u00f6chte vom Maira-Tal erz\u00e4hlen &#8211; einer der suggestivsten und unber\u00fchrtesten Ecken der Alpen &#8211; und zwar mit Geschichten von ganz normalen Menschen, die das Tal zu Fu\u00df, auf Skiern oder kletternd kennengelernt und durchquert haben. Sie haben dabei eine Welt entdeckt, die es verstanden hat, dem Massentourismus zu widerstehen und eine eigene Atmosph\u00e4re und die eigenen kulturellen Traditionen f\u00fcr sich zu bewahren.<\/span><\/p>\n","protected":false},"excerpt":{"rendered":"<p>Das Projekt &#8222;Okzitanische Erlebnisse&#8220; richtet sich an alle Bergliebhaber, die die Berge bewusst besuchen und respektvoll mit den aufgesuchten Orten&#8230;<\/p>\n","protected":false},"author":109,"featured_media":50722,"parent":0,"menu_order":0,"comment_status":"closed","ping_status":"closed","template":"page-esperienze-occitane.php","meta":{"footnotes":""},"class_list":["post-34496","page","type-page","status-publish","has-post-thumbnail","hentry"],"_links":{"self":[{"href":"https:\/\/www.vallemaira.org\/de\/wp-json\/wp\/v2\/pages\/34496","targetHints":{"allow":["GET"]}}],"collection":[{"href":"https:\/\/www.vallemaira.org\/de\/wp-json\/wp\/v2\/pages"}],"about":[{"href":"https:\/\/www.vallemaira.org\/de\/wp-json\/wp\/v2\/types\/page"}],"author":[{"embeddable":true,"href":"https:\/\/www.vallemaira.org\/de\/wp-json\/wp\/v2\/users\/109"}],"replies":[{"embeddable":true,"href":"https:\/\/www.vallemaira.org\/de\/wp-json\/wp\/v2\/comments?post=34496"}],"version-history":[{"count":1,"href":"https:\/\/www.vallemaira.org\/de\/wp-json\/wp\/v2\/pages\/34496\/revisions"}],"predecessor-version":[{"id":46278,"href":"https:\/\/www.vallemaira.org\/de\/wp-json\/wp\/v2\/pages\/34496\/revisions\/46278"}],"wp:featuredmedia":[{"embeddable":true,"href":"https:\/\/www.vallemaira.org\/de\/wp-json\/wp\/v2\/media\/50722"}],"wp:attachment":[{"href":"https:\/\/www.vallemaira.org\/de\/wp-json\/wp\/v2\/media?parent=34496"}],"curies":[{"name":"wp","href":"https:\/\/api.w.org\/{rel}","templated":true}]}}

<p><span style="font-weight: 400;">Das Projekt &#8222;Okzitanische Erlebnisse&#8220; richtet sich an alle Bergliebhaber, die die Berge bewusst besuchen und respektvoll mit den aufgesuchten Orten umgehen wollen. Das Projekt möchte vom Maira-Tal erzählen &#8211; einer der suggestivsten und unberührtesten Ecken der Alpen &#8211; und zwar mit Geschichten von ganz normalen Menschen, die das Tal zu Fuß, auf Skiern oder kletternd kennengelernt und durchquert haben. Sie haben dabei eine Welt entdeckt, die es verstanden hat, dem Massentourismus zu widerstehen und eine eigene Atmosphäre und die eigenen kulturellen Traditionen für sich zu bewahren.</span></p>
