{"id":34463,"date":"2021-05-28T11:33:48","date_gmt":"2021-05-28T09:33:48","guid":{"rendered":"https:\/\/www.vallemaira.org\/ein-nachhaltiger-urlaub\/"},"modified":"2021-05-28T11:33:48","modified_gmt":"2021-05-28T09:33:48","slug":"ein-nachhaltiger-urlaub","status":"publish","type":"page","link":"https:\/\/www.vallemaira.org\/de\/ein-nachhaltiger-urlaub\/","title":{"rendered":"Ein nachhaltiger Urlaub"},"content":{"rendered":"<p>Das Maira-Tal hat sich vor Beton und anderen Eingriffen in die Bergwelt wie Liftanlagen gesch\u00fctzt. Unabh\u00e4ngig, gr\u00fcn und unber\u00fchrt steht es f\u00fcr einen Tourismus im Zeichen der Langsamkeit und zieht Outdoor-Liebhaber an, die versteckte Paradiese entdecken wollen.<\/p>\n<p>Der Gro\u00dfteil der Beherbergungsbetriebe befindet sich in den kleinen alten Ortschaften und besteht aus H\u00e4usern, die im traditionellen Baustil des Tals und nachhaltig restauriert wurden. Wer sich f\u00fcr das Maira-Tal entscheidet, m\u00f6chte h\u00e4ufig die Belastung m\u00f6glichst gering halten. Unsere Einrichtungen sind daher auch nach Kriterien der Nachhaltigkeit klassifiziert und werden mit 1 bis 3 Bl\u00e4ttern ausgezeichnet.<\/p>\n","protected":false},"excerpt":{"rendered":"<p>Das Maira-Tal hat sich vor Beton und anderen Eingriffen in die Bergwelt wie Liftanlagen gesch\u00fctzt. Unabh\u00e4ngig, gr\u00fcn und unber\u00fchrt steht&#8230;<\/p>\n","protected":false},"author":109,"featured_media":34464,"parent":0,"menu_order":0,"comment_status":"closed","ping_status":"closed","template":"page-sostenibilita.php","meta":{"footnotes":""},"class_list":["post-34463","page","type-page","status-publish","has-post-thumbnail","hentry"],"_links":{"self":[{"href":"https:\/\/www.vallemaira.org\/de\/wp-json\/wp\/v2\/pages\/34463","targetHints":{"allow":["GET"]}}],"collection":[{"href":"https:\/\/www.vallemaira.org\/de\/wp-json\/wp\/v2\/pages"}],"about":[{"href":"https:\/\/www.vallemaira.org\/de\/wp-json\/wp\/v2\/types\/page"}],"author":[{"embeddable":true,"href":"https:\/\/www.vallemaira.org\/de\/wp-json\/wp\/v2\/users\/109"}],"replies":[{"embeddable":true,"href":"https:\/\/www.vallemaira.org\/de\/wp-json\/wp\/v2\/comments?post=34463"}],"version-history":[{"count":0,"href":"https:\/\/www.vallemaira.org\/de\/wp-json\/wp\/v2\/pages\/34463\/revisions"}],"wp:featuredmedia":[{"embeddable":true,"href":"https:\/\/www.vallemaira.org\/de\/wp-json\/wp\/v2\/media\/34464"}],"wp:attachment":[{"href":"https:\/\/www.vallemaira.org\/de\/wp-json\/wp\/v2\/media?parent=34463"}],"curies":[{"name":"wp","href":"https:\/\/api.w.org\/{rel}","templated":true}]}}

<p>Das Maira-Tal hat sich vor Beton und anderen Eingriffen in die Bergwelt wie Liftanlagen geschützt. Unabhängig, grün und unberührt steht es für einen Tourismus im Zeichen der Langsamkeit und zieht Outdoor-Liebhaber an, die versteckte Paradiese entdecken wollen.</p>
<p>Der Großteil der Beherbergungsbetriebe befindet sich in den kleinen alten Ortschaften und besteht aus Häusern, die im traditionellen Baustil des Tals und nachhaltig restauriert wurden. Wer sich für das Maira-Tal entscheidet, möchte häufig die Belastung möglichst gering halten. Unsere Einrichtungen sind daher auch nach Kriterien der Nachhaltigkeit klassifiziert und werden mit 1 bis 3 Blättern ausgezeichnet.</p>

<p>Das Maira-Tal hat sich vor Beton und anderen Eingriffen in die Bergwelt wie Liftanlagen geschützt. Unabhängig, grün und unberührt steht&#8230;</p>
